nd 39?
13
Calculate the highest common factor of 220 and 935.
55
What is the highest common divisor of 332 and 1577?
83
Calculate the greatest common divisor of 6 and 942.
6
What is the greatest common divisor of 12 and 201?
3
What is the greatest common factor of 1450 and 2950?
50
What is the greatest common divisor of 65 and 351?
13
What is the highest common factor of 240 and 45?
15
Calculate the greatest common divisor of 1029 and 63.
21
What is the highest common divisor of 182 and 28?
14
Calculate the highest common factor of 7314 and 276.
138
Calculate the greatest common factor of 12 and 21.
3
Calculate the highest common factor of 48 and 696.
24
Calculate the greatest common divisor of 882 and 90.
18
What is the greatest common divisor of 38 and 1026?
38
Calculate the highest common divisor of 7280 and 26.
26
Calculate the highest common factor of 350 and 2000.
50
What is the greatest common factor of 152 and 8?
8
Calculate the greatest common factor of 2429 and 7.
7
Calculate the highest common divisor of 406 and 290.
58
Calculate the greatest common factor of 464 and 16.
16
Calculate the greatest common divisor of 42 and 15120.
42
What is the highest common factor of 182 and 56?
14
Calculate the highest common divisor of 23046 and 6.
6
What is the highest common factor of 30 and 75?
15
What is the highest common divisor of 1805 and 760?
95
What is the greatest common factor of 980 and 532?
28
Calculate the highest common divisor of 355 and 2698.
71
Calculate the highest common factor of 27068 and 804.
268
Calculate the highest common divisor of 224 and 64.
32
What is the highest common factor of 24 and 564?
12
What is the highest common divisor of 48 and 2288?
16
What is the highest common factor of 82 and 4?
2
Calculate the highest common divisor of 111 and 37.
37
Calculate the highest common divisor of 159 and 53.
53
What is the highest common factor of 4 and 67?
1
What is the highest common factor of 12 and 188?
4
Calculate the greatest common factor of 145 and 638.
29
Calculate the greatest common divisor of 2250 and 45.
45
Calculate the highest common factor of 584 and 16.
8
Calculate the greatest common factor of 1341 and 9.
9
Calculate the greatest common factor of 132 and 803.
11
Calculate the highest common factor of 904 and 72.
8
Calculate the greatest common factor of 168 and 4998.
42
What is the greatest common divisor of 52 and 403?
13
Calculate the highest common factor of 2977 and 458.
229
What is the greatest common divisor of 240 and 195?
15
Calculate the greatest common factor of 97 and 97.
97
What is the greatest common divisor of 84 and 216?
12
What is the greatest common divisor of 9328 and 264?
88
Calculate the highest common factor of 222 and 296.
74
What is the greatest common factor of 273 and 78?
39
Calculate the highest common divisor of 1083 and 15.
3
Calculate the highest common divisor of 75 and 45.
15
Calculate the highest common factor of 306 and 81.
9
Calculate the highest common divisor of 50358 and 11.
11
Calculate the highest common factor of 209 and 143.
11
What is the highest common factor of 14823 and 61?
61
Calculate the greatest common factor of 10 and 11.
1
Calculate the greatest common factor of 297 and 1716.
33
What is the highest common divisor of 123 and 369?
123
Calculate the highest common factor of 812 and 476.
28
What is the highest common divisor of 1840 and 160?
80
What is the highest common factor of 675 and 150?
75
What is the greatest common divisor of 35010 and 36?
18
Calculate the highest common divisor of 13 and 2899.
13
What is the greatest common factor of 1408 and 112?
16
Calculate the highest common factor of 247 and 551.
19
Calculate the greatest common divisor of 114 and 190.
38
Calculate the greatest common divisor of 9 and 1125.
9
Calculate the greatest common divisor of 9 and 4437.
9
What is the highest common divisor of 8591 and 242?
121
What is the greatest common factor of 60 and 732?
12
What is the highest common factor of 133 and 13699?
133
What is the greatest common factor of 2575 and 103?
103
Calculate the highest common divisor of 12 and 104.
4
What is the highest common divisor of 40 and 8?
8
Calculate the greatest common divisor of 525 and 42.
21
What is the highest common factor of 329 and 5593?
329
What is the highest common divisor of 197 and 6107?
197
What is the highest common divisor of 1263 and 15?
3
What is the greatest common divisor of 56 and 2044?
28
Calculate the highest common factor of 5120 and 10.
10
Calculate the greatest common divisor of 391 and 46.
23
What is the highest common factor of 28 and 284?
4
Calculate the greatest common factor of 8446 and 164.
82
What is the highest common divisor of 304 and 64?
16
What is the highest common divisor of 200 and 32?
8
Calculate the highest common divisor of 11227 and 109.
109
What is the highest common factor of 3544 and 40?
8
What is the greatest common divisor of 663 and 39?
39
Calculate the highest common factor of 34 and 5746.
34
Calculate the greatest common divisor of 266 and 126.
14
What is the highest common divisor of 350 and 455?
35
Calculate the highest common divisor of 160 and 2000.
80
Calculate the greatest common divisor of 20 and 760.
20
Calculate the highest common divisor of 338 and 3952.
26
What is the highest common divisor of 22 and 5291?
11
Calculate the highest common divisor of 70 and 1232.
14
What is the greatest common factor of 12110 and 70?
70
Calculate the greatest common divisor of 616 and 266.
14
What is the greatest common factor of 24 and 15468?
12
Calculate the highest common factor of 29 and 10991.
29
Calculate the highest common factor of 86 and 817.
43
Calculate the highest common factor of 870 and 1102.
58
Calculate the greatest common divisor of 5024 and 160.
32
Calculate the greatest common divisor of 1717 and 101.
101
Calculate the greatest common factor of 3386 and 2.
2
Calculate the greatest common divisor of 437 and 38.
19
What is the greatest common factor of 29 and 1247?
29
Calculate the highest common factor of 56 and 448.
56
Calculate the greatest common factor of 124 and 2.
2
Calculate the greatest common divisor of 44312 and 232.
232
Calculate the greatest common factor of 2260 and 500.
20
What is the highest common factor of 14 and 66?
2
What is the highest common divisor of 6 and 78?
6
What is the highest common divisor of 5037 and 1971?
219
Calculate the greatest common divisor of 286 and 52.
26
What is the highest common divisor of 435 and 15?
15
Calculate the highest common factor of 640 and 40.
40
Calculate the greatest common factor of 301 and 559.
43
What is the greatest common factor of 53 and 2173?
53
Calculate the greatest common divisor of 66 and 165.
33
Calculate the greatest common divisor of 21 and 4109.
7
What is the greatest common divisor of 308 and 484?
44
Calculate the greatest common factor of 93 and 102.
3
What is the greatest common divisor of 228 and 3?
3
What is the highest common factor of 375 and 11325?
75
What is the highest common divisor of 620 and 992?
124
What is the highest common factor of 1650 and 975?
75
Calculate the highest common factor of 1008 and 324.
36
What is the highest common factor of 558 and 54?
18
What is the highest common factor of 1404 and 26?
26
What is the highest common divisor of 150 and 855?
15
Calculate the highest common factor of 60 and 1770.
30
Calculate the highest common factor of 62 and 310.
62
Calculate the greatest common factor of 90 and 25.
5
What is the greatest common divisor of 4995 and 74?
37
What is the greatest common divisor of 76 and 494?
38
What is the highest common factor of 32 and 4976?
16
Calculate the highest common divisor of 4794 and 102.
102
Calculate the greatest common factor of 72 and 66.
6
Calculate the highest common factor of 9 and 3.
3
Calculate the greatest common divisor of 1940 and 160.
20
Calculate the greatest common factor of 469 and 7.
7
What is the highest common factor of 50 and 160?
10
Calculate the greatest common factor of 54 and 192.
6
What is the greatest common factor of 1700 and 51?
17
What is the greatest common divisor of 910 and 378?
14
What is the greatest common divisor of 275 and 75?
25
What is the greatest common factor of 168 a